 11, what is 133a6 - 40?
13366
In base 5, what is -3022 - -1432?
-1040
In base 2, what is 1011101 + 10001110101?
10011010010
In base 7, what is 10660 - -11?
11001
In base 7, what is 5 - -55450?
55455
In base 4, what is 32230101 - 10?
32230031
In base 9, what is 1107680 + -3?
1107676
In base 3, what is -101 - -11202122?
11202021
In base 6, what is 5 + 5005012?
5005021
In base 3, what is 110 - 121012?
-120202
In base 7, what is 2 - -1424?
1426
In base 14, what is 109 + 43d8?
4503
In base 5, what is -123 - -33440?
33312
In base 6, what is 25 + -21431?
-21402
In base 5, what is -41032 - -1001?
-40031
In base 16, what is 1c - 134?
-118
In base 14, what is 13 + b4b5?
b4c8
In base 13, what is -1125 + 80?
-1075
In base 8, what is 7360 + 1?
7361
In base 2, what is -1100101101110101010 - 11?
-1100101101110101101
In base 9, what is 11160 + -2?
11157
In base 10, what is 875428 + -1?
875427
In base 6, what is -22 - 145330?
-145352
In base 2, what is -1 - -10100101101110110010?
10100101101110110001
In base 11, what is 1260 - 29?
1232
In base 3, what is -2010210121 - -1?
-2010210120
In base 10, what is 590 + 320?
910
In base 9, what is 1 + 815?
816
In base 9, what is 15342 + 5?
15347
In base 12, what is 718 - -50?
768
In base 10, what is 7 - -9280?
9287
In base 11, what is -16a98 - 24?
-17011
In base 9, what is -135 + 25632?
25486
In base 9, what is 337316 + -1?
337315
In base 4, what is -112010130100 - -1?
-112010130033
In base 11, what is a39281 - 1?
a39280
In base 13, what is 9313 + -5?
930b
In base 13, what is 7c8 - -21?
819
In base 5, what is -11 + -423211?
-423222
In base 7, what is 2361 - 6?
2352
In base 8, what is 5166 + 40?
5226
In base 7, what is -403 - 255?
-661
In base 4, what is 1013021 + -101?
1012320
In base 7, what is 653024 - 1?
653023
In base 2, what is -1001010101 - -110000?
-1000100101
In base 7, what is -1 + -1526541?
-1526542
In base 4, what is -1 - -13032322?
13032321
In base 4, what is 3100023 - -3?
3100032
In base 4, what is -223 - 112220?
-113103
In base 15, what is 13675d - 1?
13675c
In base 12, what is -6 + -a854?
-a85a
In base 13, what is -24 - 337?
-35b
In base 14, what is -74 - 6723?
-6797
In base 11, what is -2 - 4a34?
-4a36
In base 11, what is -1807 - 4?
-1810
In base 7, what is 1340441 + -30?
1340411
In base 15, what is 49a - 2b?
46e
In base 12, what is 13a9 + -162?
1247
In base 12, what is -1 + 6098?
6097
In base 5, what is -23 - -13224210?
13224132
In base 8, what is 4 - 1237007?
-1237003
In base 9, what is -5 - 101804?
-101810
In base 8, what is -1 - -50013?
50012
In base 6, what is 4455 - 133?
4322
In base 11, what is 6 - 32927?
-32921
In base 16, what is -357b - 18?
-3593
In base 5, what is 1332121 - 414?
1331202
In base 15, what is -26 + -18c07?
-18c2d
In base 2, what is -1101001001 - -110001101101?
100100100100
In base 13, what is -20a - 4b?
-258
In base 9, what is 1885 - -450?
2445
In base 6, what is -2430 + -21521?
-24351
In base 13, what is -184b66 - 4?
-184b6a
In base 11, what is -2423 + 52?
-2381
In base 6, what is -23 - -43040?
43013
In base 3, what is -110121 + 121012?
10121
In base 14, what is -478 - -17?
-461
In base 12, what is 4748 + 235?
4981
In base 11, what is -86158 + -2?
-8615a
In base 11, what is 2 + 99582?
99584
In base 7, what is 1565 - 210?
1355
In base 4, what is -20 - 10132013110?
-10132013130
In base 11, what is -14 + -32145?
-32159
In base 15, what is 5 + -14ad7?
-14ad2
In base 12, what is 4 + -10809?
-10805
In base 6, what is -150450 - 35?
-150525
In base 10, what is 0 + -26238?
-26238
In base 14, what is -1428d - 5?
-14294
In base 9, what is 323488 - 1?
323487
In base 8, what is 15472 - 12?
15460
In base 7, what is -4 + -4315022?
-4315026
In base 8, what is 26 - -762067?
762115
In base 2, what is 100 - 110000011101110?
-110000011101010
In base 9, what is 8 + -6563?
-6554
In base 2, what is 10011011 + -10100100101000?
-10100010001101
In base 10, what is 158 + 126?
284
In base 11, what is 2 + -108970?
-108969
In base 9, what is -6 + -20184?
-20201
In base 13, what is -11b467 + 0?
-11b467
In base 7, what is 14562 + 5?
14600
In base 5, what is -10 - 11121002?
-11121012
In base 15, what is c749 + 0?
c749
In base 6, what is 351455 + -5?
351450
In base 10, what is -286190 + 1?
-286189
In base 15, what is -e - -480?
471
In base 5, what is 20433 + -1130?
14303
In base 9, what is 615 - 21?
584
In base 16, what is 44 - -3e7?
42b
In base 4, what is 1 + 1302333?
1303000
In base 9, what is -555 + 12?
-543
In base 16, what is 0 - -b27c0?
b27c0
In base 12, what is 8 - 1224b?
-12243
In base 11, what is 5 + -130a7?
-130a2
In base 7, what is -224060 - 12?
-224102
In base 11, what is -104089 + -3?
-104091
In base 9, what is -582 - 382?
-1074
In base 7, what is 20431 + -10?
20421
In base 12, what is -227 + 197?
-50
In base 9, what is 4 - 837?
-833
In base 4, what is -3 + -210022001?
-210022010
In base 15, what is 4 - 992a?
-9926
In base 10, what is -8 + 2095?
2087
In base 13, what is 52 + -253?
-201
In base 4, what is -13 - 30012001?
-30012020
In base 12, what is -16 - -30a3?
3089
In base 2, what is -1001010000001100101010 - -1?
-1001010000001100101001
In base 15, what is -169 + -3c4?
-53d
In base 6, what is 22534124 - -3?
22534131
In base 5, what is 320 + 20330?
21200
In base 3, what is 1022002022211 + 20?
1022002100001
In base 15, what is 12e - 3a?
e4
In base 12, what is -7 - -7a84b?
7a844
In base 10, what is -95792 - -39?
-95753
In base 11, what is -5688 + -18?
-56a5
In base 10, what is -91709 + 5?
-91704
In base 13, what is 6 - -10a85?
10a8b
In base 9, what is 0 - 26482?
-26482
In base 13, what is 2a + -1010?
-cb3
In base 10, what is 23 + 192352?
192375
In base 8, what is 205 - 417?
-212
In base 6, what is 5052 + 145?
5241
In base 16, what is -69 - 141f?
-1488
In base 2, what is 111110011101 + -111010?
111101100011
In base 12, what is 92b1b6 - -1?
92b1b7
In base 10, what is -4 + 17123?
17119
In base 13, what is 8691 + -4?
868a
In base 14, what is -99 - -87d?
7c4
In base 12, what is -105b1 + 7b?
-10532
In base 5, what is 103011 - -13300?
121311
In base 16, what is 981 - -6?
987
In base 9, what is -22 + 5238?
5216
In base 3, what is -22201 + -11200?
-111101
In base 9, what is -25258 - 13?
-25272
In base 8, what is 3303453 - 2?
3303451
In base 14, what is c1 + 418a?
426b
In base 10, what is -124 + -150?
-274
In base 9, what is -34 + 1133?
1088
In base 4, what is -121203031 - -2?
-121203023
In base 3, what is 211112200 - -121?
211120021
In base 4, what is -11 - 13231130?
-13231201
In base 10, what is 5 - -59769?
59774
In base 10, what is -123516 - -6?
-123510
In base 7, what is -13 - 26355?
-26401
In base 16, what is 29 + -12bf?
-1296
In base 15, what is -339d + -7?
-33a5
In base 16, what is -4 + -2c44?
-2c48
In base 14, what is 1012d3 - 1?
1012d2
In base 15, what is -e0d0 + 1?
-e0ce
In base 14, what is -2 + 1a630?
1a62c
In base 12, what is -17a + 4?
-176
In base 10, what is 61189 - 5?
61184
In base 3, what is -2100 + 2110020211?
2110011111
In base 12, what is -26b - 565?
-814
In base 15, what is 132894 + 4?
132898
In base 5, what is -4000101 - -30?
-4000021
In base 6, what is 1330135 + -50?
1330045
In base 12, what is 1b971 + 91?
1ba42
In base 3, what is -1011102001 + 12?
-1011101212
In base 7, what is 1 + -3141405?
-3141404
In base 9, what is -3315 + 8?
-3306
In base 7, what is 53 + -2011?
-1625
In base 11, what is 8662 - -39?
86a0
In base 16, what is 24dc1 - 4?
24dbd
In base 6, what is 0 - 1153120?
-1153120
In base 16, what is -13b0 + 12?
-139e
In base 13, what is -5c7 - 375?
-96c
In base 14, what is -2 - -31905?
31903
In base 8, what is 2200656 + -3?
2200653
In base 12, what is -1148a - 5?
-11493
In base 11, what is 106921 - 9?
106913
In base 2, what is -1110001110000101 - -100?
-1110001110000001
In base 14, what is -2d759b + -5?
-2d75a2
In base 6, what is -14332123 - 4?
-14332131
In base 13, what is 668574 - -5?
668579
In base 3, what is -110 + 212022?
211212
In base 6, what is 4 - -120411?
120415
In base 3, what is 10122121 + -11012?
10111102
In base 3, what is 0 - -1111112021?
1111112021
In base 9, what is -243 + 28?
-214
In base 7, what is 113631453 + -3?
113631450
In base 4, what is 220220 - -1030?
221310
In base 12, what is -2baa + -b?
-2bb9
In base 8, what is 62674 - 10?
62664
In base 11, what is 